{"id":1927,"date":"2020-08-17T15:46:22","date_gmt":"2020-08-17T15:46:22","guid":{"rendered":"https:\/\/cexibero.online\/?page_id=1927"},"modified":"2020-10-12T03:19:01","modified_gmt":"2020-10-12T03:19:01","slug":"helice-3-2","status":"publish","type":"page","link":"https:\/\/cexibero.online\/index.php\/helice-3-2\/","title":{"rendered":"H\u00e9lice Fractal"},"content":{"rendered":"<div id=\"pl-1927\"  class=\"panel-layout\" ><div id=\"pg-1927-0\"  class=\"panel-grid panel-no-style\" ><div id=\"pgc-1927-0-0\"  class=\"panel-grid-cell\" ><div id=\"panel-1927-0-0-0\" class=\"so-panel widget widget_sow-editor panel-first-child panel-last-child\" data-index=\"0\" ><div class=\"so-widget-sow-editor so-widget-sow-editor-base\"><h3 class=\"widget-title\">Por favor, sigue estas sencillas instrucciones:<\/h3>\n<div class=\"siteorigin-widget-tinymce textwidget\">\n\t<h2><img loading=\"lazy\" class=\"alignnone wp-image-1932\" src=\"https:\/\/cexibero.online\/wp-content\/uploads\/2020\/08\/elige-150x116.png\" alt=\"\" width=\"100\" height=\"77\" \/><\/h2>\n<h2>1 Elige<\/h2>\n<p>Un color del mosaico<\/p>\n<h2><img loading=\"lazy\" class=\"alignnone wp-image-1931\" src=\"https:\/\/cexibero.online\/wp-content\/uploads\/2020\/08\/reaccion-150x150.png\" alt=\"\" width=\"100\" height=\"100\" srcset=\"https:\/\/cexibero.online\/wp-content\/uploads\/2020\/08\/reaccion-150x150.png 150w, https:\/\/cexibero.online\/wp-content\/uploads\/2020\/08\/reaccion.png 200w\" sizes=\"(max-width: 100px) 100vw, 100px\" \/><\/h2>\n<h2>2 Reacciona y comparte<\/h2>\n<p>Comparte con el \u00a0bot\u00f3n de Twitter la idea seleccionada<\/p>\n<h2><img loading=\"lazy\" class=\"alignnone wp-image-1929\" src=\"https:\/\/cexibero.online\/wp-content\/uploads\/2020\/08\/rabano-150x150.png\" alt=\"\" width=\"96\" height=\"96\" srcset=\"https:\/\/cexibero.online\/wp-content\/uploads\/2020\/08\/rabano-150x150.png 150w, https:\/\/cexibero.online\/wp-content\/uploads\/2020\/08\/rabano.png 200w\" sizes=\"(max-width: 96px) 100vw, 96px\" \/><\/h2>\n<h2>3 Incl\u00fayenos (Arr\u00f3banos)<\/h2>\n<p>No olvides incluir:<\/p>\n<ul>\n<li>#teolog\u00edaencontingencia<\/li>\n<li>#cuadernosfallidos<\/li>\n<li>via @elCeX_mx<\/li>\n<li>@ITESO<\/li>\n<\/ul>\n<\/div>\n<\/div><\/div><\/div><div id=\"pgc-1927-0-1\"  class=\"panel-grid-cell\" ><div id=\"panel-1927-0-1-0\" class=\"widget_text so-panel widget widget_custom_html panel-first-child panel-last-child\" data-index=\"1\" ><div class=\"widget_text wow fadeInUpBig panel-widget-style panel-widget-style-for-1927-0-1-0\" data-wow-duration=\"2s\" data-wow-offset=\"10\" data-wow-iteration=\"1\" ><div class=\"textwidget custom-html-widget\"><iframe src=\"https:\/\/cexibero.online\/teo\/conn.php\" height=\"1600\" width=\"100%\" title=\"mosaico\"><\/iframe><\/div><\/div><\/div><\/div><\/div><div id=\"pg-1927-1\"  class=\"panel-grid panel-no-style\" ><div id=\"pgc-1927-1-0\"  class=\"panel-grid-cell\" ><div id=\"panel-1927-1-0-0\" class=\"so-panel widget widget_origin_call-to-action panel-first-child panel-last-child\" data-index=\"2\" ><div class=\"origin-widget origin-widget-call-to-action origin-widget-call-to-action-simple-light_dashed\"><h2 class=\"title\">Conoce las primeras dos h\u00e9lices<\/h2>\n<h5 class=\"subtitle\">Visita la p\u00e1gina<\/h5>\n<div class=\"origin-widget origin-widget-button origin-widget-button-simple-white align-none\"><a href=\"https:\/\/cexibero.online\/index.php\/project\/tc\/\" >\n\tAhora<\/a><\/div><\/div><\/div><\/div><\/div><div id=\"pg-1927-2\"  class=\"panel-grid panel-no-style\" ><div id=\"pgc-1927-2-0\"  class=\"panel-grid-cell\" ><div id=\"panel-1927-2-0-0\" class=\"so-panel widget widget_rawb-headline panel-first-child\" data-index=\"3\" ><div class=\"so-widget-rawb-headline so-widget-rawb-headline-base\">\r\n<div class=\"headline-widget \" >\r\n\t<h3 class=\"widget-title\">H\u00e9lice inicial<\/h3>\t<p class=\"subtitle\">los primero 5 expositores<\/p><\/div>\r\n<\/div><\/div><div id=\"panel-1927-2-0-1\" class=\"so-panel widget widget_siteorigin-panels-embedded-video panel-last-child\" data-index=\"4\" ><div class=\"siteorigin-fitvids\"><iframe title=\"Teolog\u00eda en contingencia,  H\u00e9lice 1.1\" width=\"1200\" height=\"675\" src=\"https:\/\/www.youtube.com\/embed\/YKI-De9z4PI?feature=oembed\" frameborder=\"0\" allow=\"accelerometer; autoplay; clipboard-write; encrypted-media; gyroscope; picture-in-picture\" allowfullscreen><\/iframe><\/div><\/div><\/div><div id=\"pgc-1927-2-1\"  class=\"panel-grid-cell\" ><div id=\"panel-1927-2-1-0\" class=\"so-panel widget widget_rawb-headline panel-first-child\" data-index=\"5\" ><div class=\"so-widget-rawb-headline so-widget-rawb-headline-base\">\r\n<div class=\"headline-widget \" >\r\n\t<h3 class=\"widget-title\">H\u00e9lice replicante<\/h3>\t<p class=\"subtitle\">los siguientes 13 replicantes<\/p><\/div>\r\n<\/div><\/div><div id=\"panel-1927-2-1-1\" class=\"so-panel widget widget_sow-simple-masonry panel-last-child\" data-index=\"6\" ><div class=\"so-widget-sow-simple-masonry so-widget-sow-simple-masonry-default-d75171398898-1927\">\n\n<div class=\"sow-masonry-grid\"\n\t data-layouts=\"{&quot;desktop&quot;:{&quot;numColumns&quot;:4,&quot;rowHeight&quot;:0,&quot;gutter&quot;:0},&quot;tablet&quot;:{&quot;breakPoint&quot;:768,&quot;numColumns&quot;:2,&quot;rowHeight&quot;:0,&quot;gutter&quot;:0},&quot;mobile&quot;:{&quot;breakPoint&quot;:480,&quot;numColumns&quot;:1,&quot;rowHeight&quot;:0,&quot;gutter&quot;:0}}\" data-layout-origin-left=\"true\" >\n\t\t\t\t<div class=\"sow-masonry-grid-item\" data-col-span=\"1\"\n\t\t\t     data-row-span=\"1\">\n\t\t\t\t\n\t\t\t\t<img width=\"618\" height=\"800\" src=\"https:\/\/cexibero.online\/wp-content\/uploads\/2020\/10\/renato.jpg\" class=\"sow-masonry-grid-image\" alt=\"\" loading=\"lazy\" title=\"\" srcset=\"https:\/\/cexibero.online\/wp-content\/uploads\/2020\/10\/renato.jpg 618w, https:\/\/cexibero.online\/wp-content\/uploads\/2020\/10\/renato-232x300.jpg 232w\" sizes=\"(max-width: 618px) 100vw, 618px\" \/>\n\t\t\t\t\t\t\t<\/div>\n\t\t\t\t\t\t<div class=\"sow-masonry-grid-item\" data-col-span=\"1\"\n\t\t\t     data-row-span=\"1\">\n\t\t\t\t\n\t\t\t\t<img width=\"618\" height=\"800\" src=\"https:\/\/cexibero.online\/wp-content\/uploads\/2020\/10\/mor.jpg\" class=\"sow-masonry-grid-image\" alt=\"\" loading=\"lazy\" title=\"\" srcset=\"https:\/\/cexibero.online\/wp-content\/uploads\/2020\/10\/mor.jpg 618w, https:\/\/cexibero.online\/wp-content\/uploads\/2020\/10\/mor-232x300.jpg 232w\" sizes=\"(max-width: 618px) 100vw, 618px\" \/>\n\t\t\t\t\t\t\t<\/div>\n\t\t\t\t\t\t<div class=\"sow-masonry-grid-item\" data-col-span=\"1\"\n\t\t\t     data-row-span=\"1\">\n\t\t\t\t\n\t\t\t\t<img width=\"618\" height=\"800\" src=\"https:\/\/cexibero.online\/wp-content\/uploads\/2020\/10\/monica.jpg\" class=\"sow-masonry-grid-image\" alt=\"\" loading=\"lazy\" title=\"\" srcset=\"https:\/\/cexibero.online\/wp-content\/uploads\/2020\/10\/monica.jpg 618w, https:\/\/cexibero.online\/wp-content\/uploads\/2020\/10\/monica-232x300.jpg 232w\" sizes=\"(max-width: 618px) 100vw, 618px\" \/>\n\t\t\t\t\t\t\t<\/div>\n\t\t\t\t\t\t<div class=\"sow-masonry-grid-item\" data-col-span=\"1\"\n\t\t\t     data-row-span=\"1\">\n\t\t\t\t\n\t\t\t\t<img width=\"618\" height=\"800\" src=\"https:\/\/cexibero.online\/wp-content\/uploads\/2020\/10\/melo.jpg\" class=\"sow-masonry-grid-image\" alt=\"\" loading=\"lazy\" title=\"\" srcset=\"https:\/\/cexibero.online\/wp-content\/uploads\/2020\/10\/melo.jpg 618w, https:\/\/cexibero.online\/wp-content\/uploads\/2020\/10\/melo-232x300.jpg 232w\" sizes=\"(max-width: 618px) 100vw, 618px\" \/>\n\t\t\t\t\t\t\t<\/div>\n\t\t\t\t\t\t<div class=\"sow-masonry-grid-item\" data-col-span=\"1\"\n\t\t\t     data-row-span=\"1\">\n\t\t\t\t\n\t\t\t\t<img width=\"618\" height=\"800\" src=\"https:\/\/cexibero.online\/wp-content\/uploads\/2020\/10\/mayer.jpg\" class=\"sow-masonry-grid-image\" alt=\"\" loading=\"lazy\" title=\"\" srcset=\"https:\/\/cexibero.online\/wp-content\/uploads\/2020\/10\/mayer.jpg 618w, https:\/\/cexibero.online\/wp-content\/uploads\/2020\/10\/mayer-232x300.jpg 232w\" sizes=\"(max-width: 618px) 100vw, 618px\" \/>\n\t\t\t\t\t\t\t<\/div>\n\t\t\t\t\t\t<div class=\"sow-masonry-grid-item\" data-col-span=\"1\"\n\t\t\t     data-row-span=\"1\">\n\t\t\t\t\n\t\t\t\t<img width=\"618\" height=\"800\" src=\"https:\/\/cexibero.online\/wp-content\/uploads\/2020\/10\/lorena.jpg\" class=\"sow-masonry-grid-image\" alt=\"\" loading=\"lazy\" title=\"\" srcset=\"https:\/\/cexibero.online\/wp-content\/uploads\/2020\/10\/lorena.jpg 618w, https:\/\/cexibero.online\/wp-content\/uploads\/2020\/10\/lorena-232x300.jpg 232w\" sizes=\"(max-width: 618px) 100vw, 618px\" \/>\n\t\t\t\t\t\t\t<\/div>\n\t\t\t\t\t\t<div class=\"sow-masonry-grid-item\" data-col-span=\"1\"\n\t\t\t     data-row-span=\"1\">\n\t\t\t\t\n\t\t\t\t<img width=\"618\" height=\"800\" src=\"https:\/\/cexibero.online\/wp-content\/uploads\/2020\/10\/josefo.jpg\" class=\"sow-masonry-grid-image\" alt=\"\" loading=\"lazy\" title=\"\" srcset=\"https:\/\/cexibero.online\/wp-content\/uploads\/2020\/10\/josefo.jpg 618w, https:\/\/cexibero.online\/wp-content\/uploads\/2020\/10\/josefo-232x300.jpg 232w\" sizes=\"(max-width: 618px) 100vw, 618px\" \/>\n\t\t\t\t\t\t\t<\/div>\n\t\t\t\t\t\t<div class=\"sow-masonry-grid-item\" data-col-span=\"1\"\n\t\t\t     data-row-span=\"1\">\n\t\t\t\t\n\t\t\t\t<img width=\"618\" height=\"800\" src=\"https:\/\/cexibero.online\/wp-content\/uploads\/2020\/10\/isabela.jpg\" class=\"sow-masonry-grid-image\" alt=\"\" loading=\"lazy\" title=\"\" srcset=\"https:\/\/cexibero.online\/wp-content\/uploads\/2020\/10\/isabela.jpg 618w, https:\/\/cexibero.online\/wp-content\/uploads\/2020\/10\/isabela-232x300.jpg 232w\" sizes=\"(max-width: 618px) 100vw, 618px\" \/>\n\t\t\t\t\t\t\t<\/div>\n\t\t\t\t\t\t<div class=\"sow-masonry-grid-item\" data-col-span=\"1\"\n\t\t\t     data-row-span=\"1\">\n\t\t\t\t\n\t\t\t\t<img width=\"618\" height=\"800\" src=\"https:\/\/cexibero.online\/wp-content\/uploads\/2020\/10\/daniela.jpg\" class=\"sow-masonry-grid-image\" alt=\"\" loading=\"lazy\" title=\"\" srcset=\"https:\/\/cexibero.online\/wp-content\/uploads\/2020\/10\/daniela.jpg 618w, https:\/\/cexibero.online\/wp-content\/uploads\/2020\/10\/daniela-232x300.jpg 232w\" sizes=\"(max-width: 618px) 100vw, 618px\" \/>\n\t\t\t\t\t\t\t<\/div>\n\t\t\t\t\t\t<div class=\"sow-masonry-grid-item\" data-col-span=\"1\"\n\t\t\t     data-row-span=\"1\">\n\t\t\t\t\n\t\t\t\t<img width=\"618\" height=\"800\" src=\"https:\/\/cexibero.online\/wp-content\/uploads\/2020\/10\/cristina.jpg\" class=\"sow-masonry-grid-image\" alt=\"\" loading=\"lazy\" title=\"\" srcset=\"https:\/\/cexibero.online\/wp-content\/uploads\/2020\/10\/cristina.jpg 618w, https:\/\/cexibero.online\/wp-content\/uploads\/2020\/10\/cristina-232x300.jpg 232w\" sizes=\"(max-width: 618px) 100vw, 618px\" \/>\n\t\t\t\t\t\t\t<\/div>\n\t\t\t\t\t\t<div class=\"sow-masonry-grid-item\" data-col-span=\"1\"\n\t\t\t     data-row-span=\"1\">\n\t\t\t\t\n\t\t\t\t<img width=\"618\" height=\"800\" src=\"https:\/\/cexibero.online\/wp-content\/uploads\/2020\/10\/camarena.jpg\" class=\"sow-masonry-grid-image\" alt=\"\" loading=\"lazy\" title=\"\" srcset=\"https:\/\/cexibero.online\/wp-content\/uploads\/2020\/10\/camarena.jpg 618w, https:\/\/cexibero.online\/wp-content\/uploads\/2020\/10\/camarena-232x300.jpg 232w\" sizes=\"(max-width: 618px) 100vw, 618px\" \/>\n\t\t\t\t\t\t\t<\/div>\n\t\t\t\t\t\t<div class=\"sow-masonry-grid-item\" data-col-span=\"1\"\n\t\t\t     data-row-span=\"1\">\n\t\t\t\t\n\t\t\t\t<img width=\"618\" height=\"800\" src=\"https:\/\/cexibero.online\/wp-content\/uploads\/2020\/10\/aranda.jpg\" class=\"sow-masonry-grid-image\" alt=\"\" loading=\"lazy\" title=\"\" srcset=\"https:\/\/cexibero.online\/wp-content\/uploads\/2020\/10\/aranda.jpg 618w, https:\/\/cexibero.online\/wp-content\/uploads\/2020\/10\/aranda-232x300.jpg 232w\" sizes=\"(max-width: 618px) 100vw, 618px\" \/>\n\t\t\t\t\t\t\t<\/div>\n\t\t\t\t\t\t<div class=\"sow-masonry-grid-item\" data-col-span=\"1\"\n\t\t\t     data-row-span=\"1\">\n\t\t\t\t\n\t\t\t\t<img width=\"618\" height=\"800\" src=\"https:\/\/cexibero.online\/wp-content\/uploads\/2020\/10\/alejandro.jpg\" class=\"sow-masonry-grid-image\" alt=\"\" loading=\"lazy\" title=\"\" srcset=\"https:\/\/cexibero.online\/wp-content\/uploads\/2020\/10\/alejandro.jpg 618w, https:\/\/cexibero.online\/wp-content\/uploads\/2020\/10\/alejandro-232x300.jpg 232w\" sizes=\"(max-width: 618px) 100vw, 618px\" \/>\n\t\t\t\t\t\t\t<\/div>\n\t\t\t\n<\/div>\n<\/div><\/div><\/div><\/div><\/div>","protected":false},"excerpt":{"rendered":"<p>1 Elige Un color del mosaico 2 Reacciona y comparte Comparte con el \u00a0bot\u00f3n de Twitter la idea seleccionada 3 Incl\u00fayenos (Arr\u00f3banos) No olvides incluir: #teolog\u00edaencontingencia #cuadernosfallidos via @elCeX_mx @ITESO<\/p>\n","protected":false},"author":1,"featured_media":0,"parent":0,"menu_order":0,"comment_status":"closed","ping_status":"closed","template":"","meta":[],"_links":{"self":[{"href":"https:\/\/cexibero.online\/index.php\/wp-json\/wp\/v2\/pages\/1927"}],"collection":[{"href":"https:\/\/cexibero.online\/index.php\/wp-json\/wp\/v2\/pages"}],"about":[{"href":"https:\/\/cexibero.online\/index.php\/wp-json\/wp\/v2\/types\/page"}],"author":[{"embeddable":true,"href":"https:\/\/cexibero.online\/index.php\/wp-json\/wp\/v2\/users\/1"}],"replies":[{"embeddable":true,"href":"https:\/\/cexibero.online\/index.php\/wp-json\/wp\/v2\/comments?post=1927"}],"version-history":[{"count":40,"href":"https:\/\/cexibero.online\/index.php\/wp-json\/wp\/v2\/pages\/1927\/revisions"}],"predecessor-version":[{"id":2223,"href":"https:\/\/cexibero.online\/index.php\/wp-json\/wp\/v2\/pages\/1927\/revisions\/2223"}],"wp:attachment":[{"href":"https:\/\/cexibero.online\/index.php\/wp-json\/wp\/v2\/media?parent=1927"}],"curies":[{"name":"wp","href":"https:\/\/api.w.org\/{rel}","templated":true}]}}